 2*h - 2. Give f(g).
-2
Let w = 22 + -26. Let a be (-2)/(0 + -3 - w)*-2. Let y(j) = j**2 - 3*j + 2. What is y(a)?
6
Let r(m) = -85*m - 4 - 84*m - 85*m - 82*m + 335*m - m**2. Suppose 2 = 5*f - 3. Let s be (1 - 0 - f)*-1. What is r(s)?
-4
Suppose 32 = 7*x + 25. Let f(l) = -l**2 - l + 2. Determine f(x).
0
Let g(a) = -a**3 - 5*a**2 - 7*a + 5. Let m be g(-3). Let x(c) = 2*c - 11. Determine x(m).
5
Let v(r) = -6*r. Suppose 9*c - 3 = -12. Let p(x) = -x + 1. Let t(d) = c*v(d) + 5*p(d). What is t(8)?
13
Let l be (-1 - 0) + 33 + -5. Let y(r) = -7 - 24*r + r**2 - l*r + 56*r. Calculate y(-7).
7
Let f(j) = -1 + 0*j + j - 7. Let c(o) = -2*o + 17. Suppose x + 16 = 18. Let u(s) = x*c(s) + 5*f(s). Determine u(4).
-2
Suppose -t + 4*f + 0 + 10 = 0, 0 = t - 5*f - 10. Let g(s) = s**2 - t + 8 - s**3 + 4. Calculate g(2).
-2
Suppose -235*u + 222*u = -52. Let s(l) be the second derivative of 1/2*l**2 + u*l - 4/3*l**3 + 0. Determine s(2).
-15
Let x(w) = -29*w**2 - 12*w - 12. Let y(m) = -25*m**2 - 11*m - 12. Let c(l) = -6*x(l) + 7*y(l). Calculate c(-5).
-12
Let x(d) be the second derivative of d**4/24 - 7*d**3/3 - 7*d**2 + 5*d. Let y(u) be the first derivative of x(u). Determine y(7).
-7
Let z(t) = -5*t**2 + 31*t - 11. Let n be z(6). Let s(f) = f**3 + 8*f**2 + 5*f - 5. What is s(n)?
45
Let q(a) = -10*a + 40 + 24*a**2 - 36 - 14*a**2 - a**3. Calculate q(9).
-5
Let y(v) be the first derivative of -v + 7/3*v**3 + 1 + 0*v**2. Determine y(-1).
6
Let y be (15 - -6)*(-11)/33. Let t(p) = -p**2 - 11*p - 30. Determine t(y).
-2
Let a(s) = s + 1. Let y(q) = -q**2 - 9*q - 3. Let o(k) = 2*a(k) + y(k). What is o(-6)?
5
Let l(f) = -467*f**2 + 4*f - 471*f**2 + 13 + 937*f**2. What is l(6)?
1
Let z(r) be the second derivative of -r**5/20 - r**4/3 - 2*r**3/3 + 100*r. What is z(-4)?
16
Suppose -13 = -5*q - f, 3*q = 8*q + 5*f - 5. Let d(m) be the second derivative of 0 - 7/6*m**3 + 6*m - 1/12*m**4 - q*m**2. Determine d(-4).
6
Let c(o) = 3*o**3 - 13*o**2 + o + 1. Let f(a) = -5*a**3 + 24*a**2 - 3*a - 2. Let y(g) = 7*c(g) + 4*f(g). Calculate y(-6).
-7
Suppose 4*h = -5*d - 11, 0 = 4*d - 7*d - 3*h - 6. Let c(g) = 4*g. Calculate c(d).
-12
Suppose -2*j - 2*l - 32 = -7*l, 0 = j - 4*l + 22. Let m be (-20)/j*(-3)/(-2). Let o be 1*(3 - (m - 1)). Let z(u) = 3*u**3 + 1. Give z(o).
-2
Let a(o) = -2*o**2 + 30*o + 249. Let j be a(21). Let q(y) = 13*y - 4. Determine q(j).
-43
Let d(o) be the second derivative of 5*o + 3*o**2 + 0 + 1/3*o**3. Give d(-4).
-2
Let v(g) = g - 2. Let l = 46 - 44. Suppose -c - l = -0*c, 3*c + 9 = j. Determine v(j).
1
Let r(h) be the third derivative of h**6/360 - h**5/20 - 5*h**4/12 + 4*h**3/3 + 16*h**2. Let p(a) be the first derivative of r(a). Determine p(7).
-3
Let s be (1 - (2 + -3))*4. Let i(f) be the second derivative of f**3/6 - f**2/2 - 772*f. What is i(s)?
7
Let q(u) = 3*u**2 + 56*u + 99. Let r be q(-17). Let f(w) = -2*w + 20. Determine f(r).
-8
Let j(m) = -2*m. Suppose -3*p + 3 = q + 8, 4*q + 3 = 5*p. Calculate j(p).
2
Let r(x) be the first derivative of -x**3/3 + 3*x**2 - 6*x - 10. Let m be r(3). Let i(u) = 9*u**3 - 3*u + 6*u**2 - 2*u**2 - 3 - 10*u**m. Determine i(4).
-15
Let z be 12/(-6)*2 + 5 + 1. Suppose 4*d = m + 18, -60 = z*m + 3*m - 5*d. Let w(r) = -r**3 - 11*r**2 - 11*r - 3. Give w(m).
7
Let s(w) = -18*w + 59*w - 17*w - 10*w - 11*w + 18. Determine s(-8).
-6
Let c(p) be the first derivative of -p**2 - 4*p + 13. Let r be c(0). Let a(l) = 5*l + 4*l**2 - 3*l**2 + 0*l**2. Determine a(r).
-4
Let t(v) = -4*v + 25. Let b(f) = -f + 5. Let s(g) = -3*b(g) + t(g). Determine s(10).
0
Let a = -101/1180 + 8/59. Let w(o) be the second derivative of -7*o + 0*o**2 + 0 - a*o**5 + 1/3*o**4 - 1/3*o**3. What is w(3)?
3
Let l(o) = 2*o - 4*o - 1 + 9*o. Let b be (6/4)/(-5 - (-51)/12). Calculate l(b).
-15
Let h(v) = -2*v**2 + 5*v - 1. Let x(r) = 2*r**2 - 12*r - 15. Let z be x(12). Let c = -125 + z. Give h(c).
-13
Let s(c) = 2*c + 1. Let t be s(2). Suppose 2*k - 5*k + 2*q + 8 = 0, 3*k - 1 = -t*q. Let d(w) = k*w - w - w + w. Calculate d(4).
4
Let t be (-108)/45*10/(-4). Let w(j) = -1 + 5*j - t - j + 6. Give w(1).
3
Let p = -13 - -21. Let d(w) = 4*w + 3. Determine d(p).
35
Let y(w) = -7*w + 15 - 10 - 8 + w**2. What is y(7)?
-3
Let a(n) = -4*n**2 - 255*n**3 + 256*n**3 - 3*n**2 + 5*n. What is a(6)?
-6
Let o(y) = 26*y**2 - 42*y - 25. Let i(w) = -15*w**2 + 23*w + 13. Let f(h) = -7*i(h) - 4*o(h). Give f(-6).
3
Let n(l) = 8*l + 9. Suppose 0 = -d - 2*t - 2, 0*d - 34 = 4*d - 5*t. Let q(k) = 17*k + 19. Let v(i) = d*q(i) + 13*n(i). Determine v(-4).
-5
Let t(i) = 4*i**2 - 2*i**2 - i**2 + 6 - 7*i. Let x be t(6). Let h(c) be the first derivative of c**3/3 + c**2/2 - 7*c - 18. What is h(x)?
-7
Let r = -33 - -15. Let d be 4/(-3)*r/4. Let c(y) = 3*y**2 - 2*y**2 - 2 - 5*y + y**2 - y**2. What is c(d)?
4
Let t(s) = -s**3 + 380*s**2 - 6*s + 5 + 378*s**2 - 753*s**2. What is t(4)?
-3
Let w = -88 - -91. Let l(p) = -57*p**w + 56*p**3 + 4*p**2 - 7*p**2 + 3 + 4*p. Suppose 2 = -2*m - 6. What is l(m)?
3
Let a(q) = 4*q**2 - 7*q - 15. Let p be a(3). Let y(s) = -3*s**2 + 0 - 8 + 2*s**2. Give y(p).
-8
Let p be 22/4 - (-1)/2. Let m(v) = -v + 1. Let u(c) = c**2 - 2*c. Let l(f) = -5*m(f) - u(f). What is l(p)?
1
Let w(s) = -3*s**2 - 25*s - 7. Let t(m) = 4*m**2 + 31*m + 7. Let f(x) = 2*t(x) + 3*w(x). Calculate f(-12).
5
Suppose -4*h = 4*q - 26 + 2, 4*q = -2*h + 8. Let n(u) = 7*u**2 + 4*u**2 - u**3 + 6*u - 6 - h*u**2. Calculate n(4).
2
Let l(b) = -28*b + 8. Let h(g) = 47*g - 14. Let c(j) = 3*h(j) + 5*l(j). Let r(o) = 2*o**2 - 1. Let w be r(-2). Let n = w - 3. Give c(n).
2
Let i(z) = -7*z + 26. Let d be (-5)/4*2*2. Let h(k) = 4*k - 13. Let b(l) = d*h(l) - 3*i(l). Determine b(0).
-13
Let b be 2 - ((-6)/5)/((-5)/50). Let a(p) = -p + 13. Calculate a(b).
23
Let r be (20/30)/((-2)/(-243)). Let a = r + -71. Let x(n) = -n + 14. What is x(a)?
4
Let j(x) be the third derivative of -x**5/60 + x**3/2 + 122*x**2. Suppose -5 = 4*u + 7. Give j(u).
-6
Let l(q) = q**2 + 4. Let o be 5 - (-1 - 1) - 3. Give l(o).
20
Let p(k) be the second derivative of -k**5/120 + 5*k**4/12 - 3*k**3/2 - 3*k. Let y(n) be the second derivative of p(n). Calculate y(6).
4
Suppose 0 = -2*z + z - 4*s - 13, 5*s + 60 = 5*z. Suppose 10 = 2*f + 4*o - z*o, 3*o + 8 = f. Let v(y) = y**2 - y - 1. Determine v(f).
1
Let i(w) = -6*w + 5. Let r = -11 + 12. Let t be ((-8)/(-12) - 2)*3. Let u(b) = -b + 1. Let f(s) = r*i(s) + t*u(s). What is f(1)?
-1
Let j(z) = z**3 + 3*z**2 + z. Let v be j(-2). Suppose -5*s = 5*r, 0 = 5*s + 3*r - 1 - 3. Let b(o) = -2 - s*o + 1 - 1. What is b(v)?
-6
Let t(l) = l - 7. Let w be 1/(5/10) - -33. Suppose 0 = -7*s - 0*s - w. What is t(s)?
-12
Suppose -2*s + 36 = -2*l, 8 = -3*l + 4*s - 44. Let q be -2*(l/8)/(-1). Let x(r) = -r**3 - 4*r**2 + 3*r + 3. Give x(q).
13
Let l(g) = 10*g**3 + g**2 + g + 1. Let a = 2 - 1. Let h be a/3 - (-80)/(-60). Give l(h).
-9
Let q(c) = -c**2 - 37*c - 113. Let d be q(-33). Let t(a) = a**2 - 19*a - 8. Calculate t(d).
-8
Let m(v) = 3*v**3 - v**2 - v. Let o(w) = w - 17. Let r be (-270)/(-14) + (-10)/35. Let x be o(r). Give m(x).
18
Let b(r) = r**2 - 20*r + 95. Let x be b(8). Let w(f) = -4*f**2 - f - 2. Determine w(x).
-5
Let z(n) be the third derivative of n**5/60 - n**4/8 - 5*n**3/6 - 3*n**2 + 174*n. Determine z(5).
5
Let r(p) = 7*p + 6. Let u(y) = -4*y - 3. Let v(k) = 2*r(k) + 5*u(k). Let c = -122 + 135. Let h(q) = q**3 - 14*q**2 + 12*q + 10. Let t be h(c). Determine v(t).
15
Suppose -9*s - 25 = -97. Let k(v) = v - 3. What is k(s)?
5
Let h = 509 + -508. Let n(o) = o**3 + o**2 - 1. Calculate n(h).
1
Let v(q) be the first derivative of -q**2 - q + 5. Suppose -4*x + 36 = 4*r, 4*x - 14 = 5*r + 13. Let c be (-2)/(-8) - (-14)/x. What is v(c)?
-5
Suppose 8 = -4*q - 3*c, 2*q + q + 17 = -5*c. Let h(g) = g**2 + 16*g**3 + 8*g**3 - 19*g**3 - q. Let x be 3/4 - 2/(-8). Give h(x).
5
Let s(m) = -6*m**2 - 10*m - 5. Let f(t) = t**3 - 8*t**2 - 11*t + 13. Let p be f(9). Let w(u) = -7*u**2 - 11*u - 5. Let i(r) = p*w(r) + 6*s(r). Give i(-4).
-1
Suppose 10*s - 7*s - 9 = 0. Let a(j) = -2 - j**2 - 2*j - s*j + 6*j + 0*j. Calculate a(2).
-4
Let l(p) be the third derivative of -p**5/60 - p**4/24 + 2*p**3 + 2*p**2. Let h(v) = -5*v - 245. Let d be h(-49). What is l(d)?
12
Let k(i) = 0 + 0 - 1. Let w(s) = 2*s - 7. Let x(l) = -l**2 - 13*l - 34. Let u be x(-10). 